me factors of 509430.
2, 3, 5, 16981
List the prime factors of 3167344.
2, 197959
List the prime factors of 4238136.
2, 3, 7, 2803
List the prime factors of 2002382.
2, 1001191
What are the prime factors of 14013816?
2, 3, 583909
List the prime factors of 1199609.
73, 16433
What are the prime factors of 13045773?
3, 13, 334507
What are the prime factors of 3090878?
2, 7, 23, 29, 331
List the prime factors of 1312251.
3, 109, 4013
List the prime factors of 194245.
5, 53, 733
List the prime factors of 4676540.
2, 5, 11, 29, 733
What are the prime factors of 311635?
5, 62327
What are the prime factors of 6705188?
2, 7, 101, 2371
What are the prime factors of 694222?
2, 19, 18269
List the prime factors of 2047399.
131, 15629
What are the prime factors of 5536294?
2, 257, 10771
List the prime factors of 292372.
2, 19, 3847
List the prime factors of 1154318.
2, 11, 71, 739
List the prime factors of 3541002.
2, 3, 211, 2797
List the prime factors of 13006167.
3, 43, 100823
List the prime factors of 207206.
2, 313, 331
List the prime factors of 229088.
2, 7159
List the prime factors of 1776024.
2, 3, 17, 1451
List the prime factors of 156130.
2, 5, 13, 1201
What are the prime factors of 203232?
2, 3, 29, 73
What are the prime factors of 1457499?
3, 485833
What are the prime factors of 13151383?
7, 1878769
What are the prime factors of 15391945?
5, 23, 133843
List the prime factors of 1389447.
3, 51461
What are the prime factors of 2554140?
2, 3, 5, 42569
What are the prime factors of 271494?
2, 3, 15083
List the prime factors of 9948281.
7, 17, 41, 2039
What are the prime factors of 393744?
2, 3, 13, 631
List the prime factors of 12700835.
5, 7, 19, 71, 269
What are the prime factors of 4253786?
2, 2126893
What are the prime factors of 3079343?
151, 20393
List the prime factors of 85328.
2, 5333
List the prime factors of 13028828.
2, 43, 211, 359
List the prime factors of 21699134.
2, 29, 374123
What are the prime factors of 973363?
263, 3701
What are the prime factors of 1677509?
17, 101, 977
List the prime factors of 18121824.
2, 3, 7, 89, 101
List the prime factors of 717352.
2, 89669
What are the prime factors of 320476?
2, 13, 6163
List the prime factors of 6682913.
6682913
What are the prime factors of 26189?
26189
List the prime factors of 2286479.
13, 19, 9257
What are the prime factors of 3734016?
2, 3, 11, 13, 17
List the prime factors of 10460.
2, 5, 523
List the prime factors of 13649632.
2, 426551
What are the prime factors of 200974?
2, 17, 23, 257
What are the prime factors of 422236?
2, 283, 373
List the prime factors of 19965520.
2, 5, 103, 2423
What are the prime factors of 4905073?
241, 20353
What are the prime factors of 114462?
2, 3, 6359
List the prime factors of 1329297.
3, 19, 23321
List the prime factors of 5311542.
2, 3, 885257
What are the prime factors of 530398?
2, 11, 24109
What are the prime factors of 272576?
2, 4259
List the prime factors of 272590.
2, 5, 27259
List the prime factors of 62193.
3, 20731
What are the prime factors of 4833081?
3, 11, 16273
What are the prime factors of 7948321?
463, 17167
What are the prime factors of 10027095?
3, 5, 13, 51421
What are the prime factors of 1051863?
3, 350621
What are the prime factors of 420827?
11, 67, 571
List the prime factors of 36263.
36263
List the prime factors of 2202650.
2, 5, 44053
What are the prime factors of 353152?
2, 31, 89
What are the prime factors of 2850798?
2, 3, 17, 19, 1471
List the prime factors of 3381561.
3, 125243
List the prime factors of 23931860.
2, 5, 1196593
What are the prime factors of 29249032?
2, 3656129
List the prime factors of 368162.
2, 184081
List the prime factors of 5537439.
3, 97, 6343
What are the prime factors of 11183?
53, 211
What are the prime factors of 8524735?
5, 17, 100291
What are the prime factors of 420570?
2, 3, 5, 4673
List the prime factors of 255883.
59, 4337
What are the prime factors of 223068?
2, 3, 29, 641
What are the prime factors of 23430477?
3, 7, 19, 8389
List the prime factors of 1037123.
1037123
List the prime factors of 140962.
2, 70481
List the prime factors of 3163777.
853, 3709
What are the prime factors of 46871?
11, 4261
What are the prime factors of 18043879?
7, 2577697
What are the prime factors of 18206202?
2, 3, 7, 23, 47, 401
List the prime factors of 647230.
2, 5, 59, 1097
What are the prime factors of 813607?
433, 1879
List the prime factors of 36205.
5, 13, 557
What are the prime factors of 307701?
3, 179, 191
List the prime factors of 268644.
2, 3, 61, 367
List the prime factors of 6702142.
2, 3351071
List the prime factors of 1219886.
2, 17, 35879
What are the prime factors of 3206515?
5, 13, 49331
List the prime factors of 1006365.
3, 5, 23, 2917
List the prime factors of 11066409.
3, 409867
List the prime factors of 90384.
2, 3, 7, 269
List the prime factors of 231624.
2, 3, 3217
List the prime factors of 276427.
31, 37, 241
What are the prime factors of 28565107?
28565107
List the prime factors of 879935.
5, 7, 31, 811
What are the prime factors of 122197?
89, 1373
What are the prime factors of 9086530?
2, 5, 908653
List the prime factors of 6078021.
3, 433, 4679
List the prime factors of 2033951.
2033951
List the prime factors of 96692.
2, 23, 1051
What are the prime factors of 1143547?
311, 3677
What are the prime factors of 59471?
59471
What are the prime factors of 130773?
3, 43591
List the prime factors of 4850531.
7, 692933
What are the prime factors of 1761131?
61, 28871
List the prime factors of 6192291.
3, 7, 149, 1979
What are the prime factors of 435719?
43, 10133
List the prime factors of 3122800.
2, 5, 37, 211
List the prime factors of 171936.
2, 3, 199
List the prime factors of 1834333.
1834333
List the prime factors of 4160809.
43, 96763
What are the prime factors of 39231415?
5, 7846283
What are the prime factors of 21075128?
2, 271, 9721
What are the prime factors of 4593820?
2, 5, 7, 11, 19, 157
List the prime factors of 17096271.
3, 17, 335221
List the prime factors of 345584.
2, 21599
List the prime factors of 7139232.
2, 3, 8263
List the prime factors of 1784361.
3, 41, 89, 163
List the prime factors of 4651110.
2, 3, 5, 51679
List the prime factors of 158596.
2, 31, 1279
What are the prime factors of 1260859?
19, 66361
List the prime factors of 27063463.
7, 1151, 3359
What are the prime factors of 834835?
5, 166967
What are the prime factors of 3632654?
2, 173, 10499
List the prime factors of 2957517.
3, 373, 881
List the prime factors of 1952655.
3, 5, 349, 373
What are the prime factors of 1488?
2, 3, 31
List the prime factors of 68075.
5, 7, 389
List the prime factors of 524992.
2, 13, 631
List the prime factors of 8789002.
2, 61, 1181
List the prime factors of 837704.
2, 7, 2137
What are the prime factors of 243103?
7, 34729
List the prime factors of 17937201.
3, 5979067
List the prime factors of 13826006.
2, 6913003
What are the prime factors of 7103768?
2, 7, 47, 2699
List the prime factors of 20612768.
2, 11, 31, 1889
What are the prime factors of 3436947?
3, 43, 83, 107
What are the prime factors of 816406?
2, 408203
List the prime factors of 1545157.
37, 41761
What are the prime factors of 320698?
2, 7, 22907
What are the prime factors of 531652?
2, 11, 43, 281
List the prime factors of 9407667.
3, 23, 136343
List the prime factors of 1617990.
2, 3, 5, 11, 4903
List the prime factors of 748774.
2, 13, 31, 929
What are the prime factors of 52119?
3, 5791
List the prime factors of 589533.
3, 7, 67, 419
List the prime factors of 1865049.
3, 41, 59, 257
List the prime factors of 459365.
5, 91873
List the prime factors of 9764651.
13, 19, 3041
What are the prime factors of 2415333?
3, 805111
What are the prime factors of 1714782?
2, 3, 107, 2671
List the prime factors of 1981541.
29, 68329
List the prime factors of 932428.
2, 7, 33301
List the prime factors of 2101443.
3, 137, 5113
List the prime factors of 689788.
2, 11, 61, 257
List the prime factors of 13702167.
3, 1522463
List the prime factors of 8321740.
2, 5, 7, 59441
List the prime factors of 958029.
3, 319343
What are the prime factors of 256372?
2, 107, 599
What are the prime factors of 4375350?
2, 3, 5, 7, 463
What are the prime factors of 4831994?
2, 2415997
List the prime factors of 14440075